{"id":7,"date":"2021-12-07T09:25:05","date_gmt":"2021-12-07T09:25:05","guid":{"rendered":"https:\/\/paintballzonazero.es\/wordpress\/?page_id=7"},"modified":"2022-01-18T16:31:02","modified_gmt":"2022-01-18T16:31:02","slug":"acerca-de","status":"publish","type":"page","link":"https:\/\/paintballzonazero.es\/wordpress\/acerca-de\/","title":{"rendered":"Acerca de"},"content":{"rendered":"\n<p><\/p>\n\n\n\n<p style=\"text-align:justify;\">Paintball Zona Zero es justo el lugar donde se une la diversi\u00f3n, el deporte y la competitividad. Nuestro campo lleva mas de 10 a\u00f1os de experiencia en el sector brindando as\u00ed un servicio \u00fanico.<\/p>\n\n\n\n<p style=\"text-align:justify;\">\u00c1rbitros formados, que arbitran desde dentro del campo, junto a los jugadores. Un campo perfectamente dise\u00f1ado con varias rutas de movimiento, ataque y defensa. Los mejores juegos ideados para el campo y la competici\u00f3n. Bolas de categor\u00eda y todas las medidas de seguridad pertinentes. La diversi\u00f3n est\u00e1 a solo 6 Km de Badajoz&#8230;.. \u00bfEstamos <a href=\"mailto:preparad@s?....Quitamos\">preparad@s?&#8230;.Quitamos<\/a> el seguro y a la de tres&#8230;..Uno&#8230;.Dos&#8230;. y tresss. Te esperamos !!!!<\/p>\n","protected":false},"excerpt":{"rendered":"<p>Paintball Zona Zero es justo el lugar donde se une la diversi\u00f3n, el deporte y la competitividad. Nuestro campo lleva mas de 10 a\u00f1os de experiencia en el sector brindando as\u00ed un servicio \u00fanico. \u00c1rbitros formados, que arbitran desde dentro del campo, junto a los jugadores. Un campo perfectamente dise\u00f1ado con varias rutas de movimiento, [&hellip;]<\/p>\n","protected":false},"author":1,"featured_media":0,"parent":0,"menu_order":0,"comment_status":"closed","ping_status":"closed","template":"","meta":{"footnotes":""},"class_list":["post-7","page","type-page","status-publish","hentry"],"_links":{"self":[{"href":"https:\/\/paintballzonazero.es\/wordpress\/wp-json\/wp\/v2\/pages\/7","targetHints":{"allow":["GET"]}}],"collection":[{"href":"https:\/\/paintballzonazero.es\/wordpress\/wp-json\/wp\/v2\/pages"}],"about":[{"href":"https:\/\/paintballzonazero.es\/wordpress\/wp-json\/wp\/v2\/types\/page"}],"author":[{"embeddable":true,"href":"https:\/\/paintballzonazero.es\/wordpress\/wp-json\/wp\/v2\/users\/1"}],"replies":[{"embeddable":true,"href":"https:\/\/paintballzonazero.es\/wordpress\/wp-json\/wp\/v2\/comments?post=7"}],"version-history":[{"count":4,"href":"https:\/\/paintballzonazero.es\/wordpress\/wp-json\/wp\/v2\/pages\/7\/revisions"}],"predecessor-version":[{"id":191,"href":"https:\/\/paintballzonazero.es\/wordpress\/wp-json\/wp\/v2\/pages\/7\/revisions\/191"}],"wp:attachment":[{"href":"https:\/\/paintballzonazero.es\/wordpress\/wp-json\/wp\/v2\/media?parent=7"}],"curies":[{"name":"wp","href":"https:\/\/api.w.org\/{rel}","templated":true}]}}